 the prime factors of w(-12)?
2, 19
Let y(z) = z**2 - 9*z + 9. Let h = 37 + -28. List the prime factors of y(h).
3
Suppose n - 5*t - 370 = -3*n, -5*n + 446 = 2*t. List the prime factors of n.
2, 3, 5
What are the prime factors of ((-1464)/48)/(2/(-4))?
61
Let t(g) = -g**3 + 5*g**2 + 6*g. Let a be t(6). Suppose a*w + w = 28. Suppose -2*n + w = -4. What are the prime factors of n?
2
Let z(j) = -15*j**3 + 4*j + 6. What are the prime factors of z(-2)?
2, 59
Let g(o) = o**2 + 4*o + 6. Let m be g(-4). Let t = 8 + -5. Suppose 4*u + t*x = 32, -4*u + x = m*x - 32. List the prime factors of u.
2
Let w = 22 + -10. Let z = 20 - w. Suppose 0 = 2*h - 4*h + z. What are the prime factors of h?
2
Suppose -10*t = -15*t + 1955. What are the prime factors of t?
17, 23
Let f(m) be the first derivative of m**2/2 + 4*m + 2. Let s be f(-4). List the prime factors of (-1)/3*s - -10.
2, 5
List the prime factors of 299/5 - 6/(-30).
2, 3, 5
What are the prime factors of 33/22*122/3?
61
Let o(k) = 9*k**2 - 4 + 1 + 2*k**3 - 3*k**3 - 7*k. Let g be o(8). Suppose -4*d - 3*t = -d - 12, g*t - 4 = 3*d. List the prime factors of d.
2
Let u be (6/(-7))/((-4)/(-28)). What are the prime factors of -2 - u - (-8)/2?
2
Let w(s) be the second derivative of -s**5/20 - 2*s**4/3 - s**3/6 - 9*s**2/2 + s. Let r be w(-8). List the prime factors of r - (-24)/(3 - 0).
7
Suppose 0*t = t - 4. Suppose -2*k + 18 = p - 6*p, k = -t*p - 4. Suppose k*h + 2*x = 3*h + 12, 0 = h + 3*x - 14. List the prime factors of h.
2
Suppose 4*w = -w + 20. Suppose w*r = -r + 175. What are the prime factors of r?
5, 7
Let g = -1 + 1. Let b(h) be the third derivative of -h**4/24 + 7*h**3/6 + 4*h**2. List the prime factors of b(g).
7
Suppose -7*d - 854 = -14*d. What are the prime factors of d?
2, 61
Let q(i) = -i**3 - 6 + 5*i**2 - 2*i + 0 + i + 4*i. List the prime factors of q(5).
3
What are the prime factors of 3/((-9)/(-3) + (-196)/66)?
3, 11
Suppose 2*y - 2*z = 7*y, -y = 4*z. List the prime factors of 7 + (0 - (1 + y)).
2, 3
Let b(v) = 1 + v - v**3 - 5 + 10*v**2 - v**2. List the prime factors of b(9).
5
Suppose 4*m + 59 = -5. Let n be (24/(-16))/(6/m). Suppose n*s - 4 = -20, 0 = -3*d - 3*s. What are the prime factors of d?
2
Suppose 16 = 2*a + 5*u, 12 = 4*a + 2*u + 3*u. Let x be (-2)/(-5) + 92/(-5). Let y = a - x. List the prime factors of y.
2
Suppose 0 = 5*n - 1753 - 1647. What are the prime factors of n/30 - (-2)/(-3)?
2, 11
Let p(v) = v**3 - 5*v**2 - 4*v + 7. Let r be p(5). Let i = r - -55. List the prime factors of i.
2, 3, 7
Let u(a) be the second derivative of a**5/20 - 2*a**4/3 + 7*a**3/6 - 6*a**2 - 3*a. What are the prime factors of u(8)?
2, 11
Let r be (450/8)/(-3)*-4. Suppose 3*w - r = -4*s, -2*s - w + 41 = 4*w. What are the prime factors of s?
2, 3
Suppose 0 = 3*v + 1 + 2, 991 = 5*x + 4*v. What are the prime factors of x?
199
Suppose -5*q + 15 = -20. Let u(v) = v**3 - 8*v**2 + 8*v - 2. List the prime factors of u(q).
5
Suppose -2*w - 5*i - 58 = 0, -2*i + 10 - 2 = 0. Let x = w + 71. What are the prime factors of x?
2
Let z = 12 - 9. What are the prime factors of (z*-6)/(-2) - -3?
2, 3
Let a(t) = 4*t**2 + 9*t + 16. List the prime factors of a(-5).
71
Let g be (-1*(0 + 0))/1. Let t(o) = -1 + 3*o - 4*o**2 - 2 + g + o**3. What are the prime factors of t(4)?
3
Let z = -8 - -60. Suppose z = -4*s + 2*s. Let f = 37 + s. What are the prime factors of f?
11
Suppose -5*w + 15 = -4*w. Suppose -5*r = w, 0*x - 3*r = x + 2. Suppose 0 = 4*t - 3*t - x. What are the prime factors of t?
7
Suppose -13 = 5*d + 127. Let q be (d - (-2)/(-1))*-1. Suppose -22 = -6*c + 2*c + j, -q = -4*c + 5*j. List the prime factors of c.
5
Let v(j) = 2*j - 9. Let y be v(8). Let f = y + 0. List the prime factors of f.
7
Suppose -2*t + 5*o - 20 = 0, -5*o + o + 16 = 0. Suppose -4*n - 62 - 6 = -3*f, t = -f - 5*n - 9. What are the prime factors of f?
2
Let i(u) = -u + 2. Let w be i(4). List the prime factors of (w - -2) + 9 + 1.
2, 5
Suppose -3*q + 28 = -50. List the prime factors of q.
2, 13
Suppose 3*k = 4*a - 16, 3*k + 3*a = -56 + 5. Suppose x + 4*z = 2*z - 8, -4*x - 4*z = 20. What are the prime factors of (-61)/(-6) - x/k?
2, 5
Suppose 0 = -5*p + 2*c - c - 44, -4*p = -4*c + 48. Let i = 15 + p. List the prime factors of i.
7
Suppose 0 = 3*z - j + 2*j - 176, z - 5*j = 80. What are the prime factors of z?
2, 3, 5
Let q = -3 + 79. List the prime factors of q.
2, 19
Let j = 4 - -10. List the prime factors of j.
2, 7
Let p(v) = -2*v + 12 + v - 5. Let x be p(0). Let y = -1 + x. List the prime factors of y.
2, 3
Let n(s) = 5 + s - 2 + 4. Let f be n(-6). What are the prime factors of 8*((-1)/(-4) + f)?
2, 5
Let r = 10 - 14. Let a = 7 + r. Suppose 2*h - 4*h + a*b + 29 = 0, b - 9 = -2*h. What are the prime factors of h?
7
Let p = -5 + 8. Suppose -7*y = -4*z - p*y + 32, 0 = 5*y. What are the prime factors of z?
2
Suppose -6*d = -5*d - 24. Let f = -16 + d. What are the prime factors of f?
2
Suppose -18 = -4*y + 2. List the prime factors of y.
5
Let g(o) = -o - o**2 + o + o + 1 - o**3. Let z be g(-2). Let s = z + 3. What are the prime factors of s?
2, 3
Let y = -3 - -2. What are the prime factors of -2 + 12 + 3/y?
7
Let i(v) = 4*v + 41. What are the prime factors of i(12)?
89
Let a(q) = -q**2 + 21*q - 4. List the prime factors of a(14).
2, 47
Let w(y) = y**3 + 3*y**2 - 5*y + 4. List the prime factors of w(-4).
2
Suppose 4*l - 3 = 5*l. Let q be (l/1)/(12/(-8)). Suppose q*m - 6 + 0 = 0. What are the prime factors of m?
3
Let a(d) = 76*d**2 + 2*d + 1. Let l be a(-1). Suppose -l = -5*r - 5*o, 5*r = 2*r + 3*o + 63. What are the prime factors of r?
2, 3
Let f be 4/(-10) - (-162)/5. Let g be f + 1/2*0. Suppose 2*v - g = -5*s - 0*s, 2*s = -2*v + 26. What are the prime factors of v?
11
What are the prime factors of (-4 - -6) + 1 + 48?
3, 17
Suppose -5*t + 23 + 62 = 0. What are the prime factors of t?
17
Let f = 46 - 28. Let x = -11 + f. List the prime factors of x.
7
Let v(n) = n**3 - 5*n**2 + 6*n - 2. Let x be v(5). Suppose -5*a - x = -73. List the prime factors of a.
3
Suppose 18 = f + f. Let i(j) = 7*j + 0 - 4*j - 12. What are the prime factors of i(f)?
3, 5
What are the prime factors of 10/3*(-12)/(-10)?
2
List the prime factors of (-24)/(-30) - (-186)/5.
2, 19
Let x(f) = -14*f - 5. List the prime factors of x(-5).
5, 13
Let g(o) = -9*o + 7 - 4*o**2 - o**2 - o**2 + 5*o**2. List the prime factors of g(-8).
3, 5
Let r(t) = -5*t + 45. List the prime factors of r(-11).
2, 5
Let j = 0 + -4. Let g = j + 17. What are the prime factors of g?
13
Suppose -2 + 11 = a. List the prime factors of 3 + (0 + a - 1).
11
Let c(p) = -2*p**2 + 8*p - 4. Let z be c(6). Let q = 53 + z. List the prime factors of q.
5
Let z = -4 + 7. Suppose z*g + 3*f - f - 19 = 0, -5*f = 2*g - 20. Suppose g*j = 0, -15 = -5*t - j - 0*j. What are the prime factors of t?
3
Let r be -3*5 + 1 + 0. Let n = r - -34. What are the prime factors of n?
2, 5
Suppose -7*v + 46 = -5*v. What are the prime factors of v?
23
Let d(b) = -b**2 + 2*b + 1. Let t be d(2). What are the prime factors of 4 + 3 - (t + -1)?
7
Suppose 4*a - 19 = -y, 3*y - 2*a - 17 = -6*a. Let r = 4 + y. What are the prime factors of r?
3
Let p be ((-12)/(-9) - 1)*6. What are the prime factors of (-39)/p*10/(-15)?
13
What are the prime factors of 5/25 - 59/(-5)?
2, 3
Let l(v) = -3*v + 8. Let w be l(8). Let j = w + 24. Suppose 3*u - 3 = -5*s + j, -5*u - s = -11. What are the prime factors of u?
2
Suppose -5*v + 13 = -22. Let a(m) = -m**2 + 7*m + 10. What are the prime factors of a(v)?
2, 5
Let k(t) = -t**3 + t**2 - t. Let z be k(2). What are the prime factors of (z/5)/(6/(-20))?
2
Let d(g) = g**3 - 12*g**2 + 2*g + 9. Let y be d(12). Let p = y + -9. List the prime factors of p.
2, 3
Suppose 6*w = 4*w + 114. List the prime factors of w.
3, 19
Let o = -13 + 19. What are the prime factors of (-104)/(-6) + (-2)/o?
17
Let w(i) = -i**3 - 17*i**2 - 7*i + 11. What are the prime factors of w(-17)?
2, 5, 13
Let n be 64/(-20) + (-1)/(-5). Let x = -7 + n. List the prime factors of ((-12)/x)/((-2)/(-10)).
2, 3
Let r = -9 - -11. Let n be -2 + -3*5/(-3). Suppose -n*i + 5*g + r - 1 = 0, 0 = 3*i + 4*g - 37. List the prime factors of i.
7
Let h(w) = w**2 + 5*w + 7. What are the prime factors of h(-8)?
31
Let o be (104/(-20) + 1)*-15. Suppose -3*n + 56 = n. List the pri